 common divisor of 17270 and 623290.
1570
Calculate the greatest common factor of 598 and 1671709.
299
What is the highest common factor of 266 and 5525086?
266
Calculate the greatest common factor of 89286 and 184.
46
What is the highest common factor of 19665 and 5625?
45
Calculate the greatest common factor of 193797 and 2196.
549
Calculate the highest common divisor of 134 and 1152266.
134
What is the highest common factor of 66 and 3336?
6
Calculate the greatest common divisor of 14 and 106351.
7
Calculate the highest common divisor of 1841 and 175.
7
Calculate the highest common divisor of 576 and 552240.
144
Calculate the highest common divisor of 4796 and 75812.
44
What is the highest common divisor of 422607 and 3?
3
What is the highest common divisor of 8258550 and 450?
150
Calculate the greatest common divisor of 283087 and 259.
259
What is the greatest common divisor of 618350 and 350?
50
Calculate the greatest common factor of 743408 and 128.
16
Calculate the highest common factor of 97277 and 1246.
89
Calculate the greatest common factor of 42355 and 2955.
985
Calculate the greatest common factor of 6330 and 90.
30
Calculate the greatest common divisor of 180 and 994995.
45
What is the greatest common divisor of 26 and 4107753?
13
Calculate the greatest common divisor of 14 and 352534.
14
What is the highest common factor of 1027365 and 15?
15
What is the highest common divisor of 3834 and 378146?
142
What is the greatest common factor of 22 and 1479423?
11
Calculate the greatest common divisor of 44880 and 348755.
935
What is the highest common divisor of 9960 and 324?
12
Calculate the highest common factor of 198618 and 84.
42
Calculate the greatest common factor of 14 and 7402.
2
Calculate the highest common factor of 8 and 65824.
8
What is the highest common factor of 240980 and 180?
20
What is the greatest common divisor of 42816 and 216?
24
What is the greatest common divisor of 33078 and 2553?
111
Calculate the highest common factor of 3584 and 728.
56
What is the highest common divisor of 297 and 15279?
33
What is the highest common divisor of 576 and 40032?
288
What is the greatest common divisor of 432 and 55064?
8
Calculate the greatest common factor of 660 and 8236470.
330
What is the greatest common divisor of 17 and 118439?
17
Calculate the greatest common divisor of 4576 and 7150.
286
What is the greatest common factor of 1552 and 8?
8
What is the highest common divisor of 65212 and 51?
17
Calculate the highest common divisor of 142618 and 28.
14
Calculate the highest common divisor of 224 and 2248.
8
What is the highest common divisor of 77356 and 57104?
332
Calculate the highest common divisor of 1 and 19391.
1
What is the highest common factor of 1786171 and 19?
19
What is the greatest common divisor of 9850 and 7486?
394
What is the highest common factor of 3 and 398907?
3
What is the highest common factor of 385506 and 121?
121
What is the highest common factor of 4640 and 36?
4
Calculate the greatest common divisor of 1424 and 1784.
8
Calculate the highest common factor of 41 and 11747279.
41
Calculate the greatest common divisor of 955630 and 13.
13
Calculate the greatest common divisor of 46053 and 1323.
63
What is the highest common divisor of 1971 and 584?
73
Calculate the highest common divisor of 39270 and 15.
15
Calculate the greatest common factor of 98 and 11809.
49
Calculate the greatest common divisor of 26 and 505466.
26
Calculate the greatest common factor of 99 and 55209.
33
What is the greatest common factor of 435390 and 10096?
1262
Calculate the highest common divisor of 284602 and 4842.
538
Calculate the highest common divisor of 4182 and 3804.
6
What is the greatest common factor of 19057 and 171?
19
What is the highest common divisor of 236 and 187561?
59
Calculate the highest common divisor of 422293 and 2441.
2441
What is the greatest common factor of 1512 and 679?
7
Calculate the highest common divisor of 35185 and 11780.
155
Calculate the highest common divisor of 211200 and 1500.
300
Calculate the highest common factor of 54 and 623034.
18
Calculate the greatest common factor of 219 and 1328673.
219
What is the highest common factor of 2511 and 589?
31
Calculate the greatest common factor of 20007 and 2457.
351
What is the highest common divisor of 28 and 250600?
28
Calculate the greatest common divisor of 160 and 232030.
10
What is the greatest common divisor of 261 and 431172?
261
What is the highest common factor of 416 and 19747?
13
What is the highest common factor of 154 and 15050?
14
What is the highest common divisor of 108407 and 269?
269
What is the greatest common divisor of 180 and 67425?
15
Calculate the highest common divisor of 3621089 and 278.
139
What is the highest common factor of 372780 and 40?
20
What is the greatest common factor of 16406 and 208?
26
What is the greatest common factor of 1492 and 64?
4
What is the highest common divisor of 12520 and 120?
40
What is the greatest common factor of 9 and 6591?
3
What is the highest common divisor of 407 and 602767?
407
What is the greatest common divisor of 195 and 16070?
5
Calculate the highest common divisor of 248 and 971168.
248
What is the greatest common factor of 96 and 636600?
24
Calculate the greatest common divisor of 64 and 743968.
32
What is the greatest common divisor of 12782 and 55?
11
Calculate the highest common factor of 79747 and 153.
17
Calculate the highest common factor of 18615 and 410625.
1095
What is the greatest common divisor of 1553 and 19?
1
What is the greatest common factor of 6141 and 126024?
267
Calculate the greatest common factor of 9936 and 300.
12
Calculate the greatest common divisor of 2597 and 10441.
53
What is the highest common divisor of 53 and 237599?
53
What is the greatest common divisor of 135311 and 176?
11
Calculate the greatest common factor of 700 and 1307950.
350
Calculate the highest common factor of 42 and 48762.
42
What is the highest common divisor of 1602 and 28656?
18
What is the highest common divisor of 2250 and 199750?
250
Calculate the greatest common factor of 143 and 240207.
11
Calculate the highest common divisor of 645 and 357075.
15
Calculate the greatest common factor of 92 and 323564.
92
What is the greatest common factor of 407607 and 228?
57
What is the greatest common divisor of 43136 and 16513?
337
What is the greatest common factor of 196268 and 6116?
556
Calculate the greatest common factor of 461380 and 119.
17
Calculate the highest common divisor of 211546 and 114.
38
What is the greatest common divisor of 20 and 149095?
5
What is the greatest common divisor of 2286 and 28702?
254
What is the highest common divisor of 116 and 13543?
29
Calculate the highest common divisor of 2184 and 39144.
168
What is the greatest common divisor of 406 and 861329?
203
What is the highest common divisor of 43330 and 623?
7
Calculate the greatest common factor of 1593720 and 456.
456
What is the highest common divisor of 7319 and 949?
13
What is the highest common divisor of 755 and 167459?
151
Calculate the highest common factor of 17752 and 504.
56
Calculate the highest common divisor of 91896 and 413.
7
Calculate the greatest common divisor of 191163 and 84.
21
Calculate the greatest common factor of 17805 and 1579897.
1187
Calculate the highest common factor of 629 and 5287.
17
Calculate the greatest common divisor of 1100937 and 34.
17
What is the greatest common factor of 805014 and 252?
126
What is the greatest common divisor of 122 and 870714?
122
What is the highest common factor of 754834 and 221?
17
What is the greatest common divisor of 1260 and 4620?
420
What is the highest common factor of 2771 and 23?
1
What is the highest common factor of 48385 and 15?
5
What is the greatest common divisor of 7075 and 50657?
283
Calculate the highest common divisor of 538220 and 340.
340
What is the greatest common factor of 11 and 558437?
11
Calculate the greatest common factor of 1292 and 92276.
68
Calculate the greatest common divisor of 76 and 88312.
76
What is the greatest common divisor of 47471 and 222?
37
Calculate the highest common factor of 1672 and 10659.
209
What is the highest common divisor of 298320 and 8580?
660
What is the highest common